1 and 24396660?
27
What is the greatest common factor of 53320544 and 95360?
4768
Calculate the greatest common divisor of 1552 and 11951952.
1552
What is the greatest common divisor of 36225119 and 28?
7
Calculate the greatest common factor of 565699 and 3832.
479
What is the greatest common divisor of 769253844 and 388?
388
Calculate the highest common divisor of 619125 and 3125.
125
What is the highest common factor of 39740668 and 11?
11
What is the greatest common divisor of 8380 and 1003115?
5
What is the greatest common factor of 4111 and 211062851?
4111
Calculate the highest common factor of 265 and 2964502.
53
Calculate the greatest common factor of 40 and 3567468.
4
Calculate the highest common factor of 32040323 and 188.
47
What is the greatest common divisor of 460 and 5346610?
10
Calculate the highest common factor of 423 and 310203.
9
Calculate the greatest common factor of 109674361 and 68.
17
Calculate the greatest common factor of 8589 and 69783.
21
Calculate the highest common divisor of 68370 and 4568070.
1590
Calculate the highest common factor of 41760 and 75166560.
1440
Calculate the highest common divisor of 252 and 25546122.
126
Calculate the highest common divisor of 200 and 64817800.
200
What is the greatest common divisor of 7120 and 9748704?
1424
Calculate the greatest common factor of 2585262 and 1308.
654
Calculate the greatest common divisor of 3393 and 147589.
13
Calculate the greatest common factor of 8304 and 307422384.
8304
What is the greatest common divisor of 6882 and 1287430?
62
Calculate the greatest common divisor of 12613260 and 5742.
1914
Calculate the highest common divisor of 23213519 and 17682.
2947
What is the highest common factor of 672 and 211706976?
96
What is the highest common factor of 35020 and 6847955?
515
What is the greatest common factor of 558 and 2663046?
18
What is the highest common divisor of 58554 and 1854?
18
Calculate the highest common factor of 10350080 and 91.
13
Calculate the greatest common divisor of 4823396 and 67690.
1934
Calculate the highest common factor of 7084 and 248732.
44
What is the highest common divisor of 16 and 182687032?
8
What is the highest common factor of 1581 and 22863027?
93
What is the highest common divisor of 241 and 128296109?
241
Calculate the highest common factor of 994636572 and 1061.
1061
Calculate the highest common factor of 78005 and 3685.
5
Calculate the greatest common divisor of 15611 and 36762973.
233
What is the greatest common factor of 374756 and 28?
4
Calculate the highest common divisor of 10 and 219545295.
5
Calculate the highest common divisor of 1079262 and 10404.
306
What is the greatest common factor of 4171 and 524?
1
Calculate the greatest common factor of 99020146 and 6978.
2326
Calculate the greatest common divisor of 308 and 57909907.
11
Calculate the highest common divisor of 15851896 and 60.
4
What is the greatest common divisor of 193307 and 5162849?
1411
Calculate the highest common divisor of 72008572 and 1243.
113
What is the highest common divisor of 4685836 and 339388?
2852
What is the highest common divisor of 213656130 and 2835?
405
Calculate the highest common divisor of 38 and 83847817.
19
Calculate the highest common factor of 890736 and 18359.
11
What is the greatest common divisor of 6 and 19319022?
6
What is the highest common factor of 22 and 142822922?
22
What is the highest common divisor of 12064 and 3319108?
1508
Calculate the highest common divisor of 4768687 and 17017.
1309
Calculate the greatest common factor of 297 and 6058371.
33
What is the greatest common factor of 344 and 6416116?
172
What is the greatest common factor of 241 and 280363253?
241
What is the highest common divisor of 20001510 and 93?
93
Calculate the greatest common factor of 21644 and 26909676.
3092
What is the greatest common factor of 6443912 and 332029?
607
Calculate the highest common divisor of 101296 and 95056.
208
What is the greatest common divisor of 77176 and 4008?
8
Calculate the highest common divisor of 46562 and 66960.
62
What is the greatest common divisor of 7036 and 42740182?
3518
Calculate the highest common factor of 28179149 and 1921.
1921
What is the highest common factor of 333717679 and 71?
71
Calculate the highest common factor of 226146735 and 270.
135
What is the highest common factor of 2972 and 1752317948?
2972
What is the highest common factor of 77577 and 19437?
57
Calculate the greatest common factor of 57014 and 126266.
58
Calculate the greatest common factor of 30644642 and 224.
14
What is the greatest common factor of 559352 and 87000?
232
What is the greatest common factor of 786036136 and 505?
101
Calculate the greatest common divisor of 51704 and 44666.
46
What is the greatest common divisor of 910892 and 3726?
46
Calculate the greatest common divisor of 940 and 20180860.
940
Calculate the greatest common divisor of 29492205 and 55.
5
Calculate the greatest common divisor of 32289341 and 476.
119
What is the highest common factor of 65586 and 11732178?
3858
What is the greatest common factor of 76776 and 4938342?
2742
Calculate the greatest common factor of 14006 and 1447882.
94
Calculate the highest common factor of 89454051 and 8016.
501
Calculate the greatest common divisor of 237655 and 115420.
145
Calculate the greatest common factor of 35343 and 6453.
27
What is the greatest common factor of 72 and 16184676?
12
What is the highest common divisor of 480 and 3015808?
32
What is the highest common factor of 45387 and 178929?
27
Calculate the greatest common divisor of 6304 and 142377022.
394
Calculate the highest common divisor of 10 and 565181325.
5
What is the greatest common factor of 83 and 1201639?
1
What is the highest common divisor of 2683896 and 72?
24
What is the highest common divisor of 4662225 and 2235?
15
What is the highest common divisor of 1023 and 56133033?
1023
Calculate the highest common divisor of 3520702 and 2392.
46
What is the highest common factor of 103457052 and 4104?
684
What is the greatest common divisor of 693 and 3473228682?
693
Calculate the highest common factor of 42351 and 7999.
19
What is the highest common divisor of 228254 and 66612?
26
What is the greatest common factor of 2616 and 435237?
327
What is the greatest common factor of 48099820 and 640?
20
What is the highest common factor of 1282966 and 713?
31
What is the highest common factor of 292825876 and 6293?
6293
Calculate the highest common divisor of 65715725 and 278.
139
What is the highest common divisor of 2496 and 8263008?
1248
What is the highest common divisor of 10779264 and 5760?
1152
Calculate the greatest common factor of 14889388 and 19.
19
Calculate the greatest common factor of 772 and 331547173.
193
Calculate the highest common divisor of 66714939 and 9.
9
What is the highest common factor of 2971290 and 120?
30
Calculate the greatest common factor of 4928 and 59551184.
1232
Calculate the greatest common divisor of 8312948 and 98.
98
What is the highest common divisor of 369402745 and 5230?
2615
What is the greatest common divisor of 846 and 41117809?
47
What is the highest common divisor of 10391159 and 197?
197
Calculate the highest common divisor of 2024 and 392401988.
1012
Calculate the greatest common divisor of 3842558 and 10928.
1366
What is the highest common divisor of 4848 and 70046328?
2424
Calculate the greatest common divisor of 2240238 and 7371.
273
Calculate the greatest common divisor of 315 and 104001485.
35
Calculate the highest common divisor of 2930 and 66110.
10
What is the highest common divisor of 1788760640 and 5?
5
What is the greatest common divisor of 631490 and 2?
2
Calculate the highest common factor of 90706 and 2839662.
434
What is the greatest common divisor of 34597914 and 22?
2
Calculate the greatest common divisor of 18643672 and 8.
8
What is the greatest common factor of 1236485 and 9715?
335
Calculate the highest common divisor of 728 and 21410350.
26
Calculate the greatest common divisor of 38887865 and 15.
5
Calculate the greatest common divisor of 162 and 1323607122.
54
What is the highest common factor of 11512791 and 1692?
423
Calculate the greatest common divisor of 141912 and 241849.
73
What is the highest common divisor of 774